-8*a(c) + 3*y(c). Determine f(-7).
0
Let o(s) = s**2 + s + 13. Let c be 0/((-4 + 3)*1). Determine o(c).
13
Let u(v) be the first derivative of v**4/4 - v**3/3 - 3*v**2/2 + 2*v - 2. Let x = 3 - 1. Calculate u(x).
0
Let c(o) = o**3 - 2*o**2 + 2*o. Let y = -2 - -2. Let u(k) be the first derivative of -k**4/4 + k**3/3 + 2*k + 3. Let a be u(y). What is c(a)?
4
Let n(y) = y + 1 - 2*y + 4 + 2*y. Suppose 5*k = 4*s, -3*s - 2*k = s. Give n(s).
5
Let h(r) = -2*r**2 + 6*r - 5. Let a be 14/6 - 2/6. Let d(w) = -9*w + 4*w**a - 4*w - 5 + 16. Let k(i) = 4*d(i) + 9*h(i). Determine k(1).
-1
Let r(u) = -u - 1. Let l(n) = 2*n**2 + 4*n + 4. Let x(c) = -l(c) - 4*r(c). Let v be x(-1). Let k be 6*2/(-4)*v. Let i(t) = -t + 2. Give i(k).
-4
Let i(h) = h + 13. Let k be i(-10). Let j be ((-2)/2)/(2 - k). Suppose -5*g - j = 4. Let a(w) = -7*w**3 + w. Determine a(g).
6
Let h(g) = g - 7. Let t be (4 - 5)/(3 + 57/(-18)). What is h(t)?
-1
Let g = -10 - -5. Let a(s) be the second derivative of s**5/20 + s**4/2 + 2*s**3/3 - s**2/2 + 5*s. Give a(g).
4
Let a(u) be the third derivative of -u**9/60480 + u**8/10080 - u**6/360 + u**5/10 - 8*u**2. Let w(p) be the third derivative of a(p). What is w(2)?
-2
Let i(v) = v**2 + 3*v + 3. Let p be 1 + 2*3 + -1. Suppose -p*t = -3*g - t + 5, 4 = -4*g - 4*t. Suppose c - 2*c - 4 = g. Give i(c).
7
Let d(p) = -p**2 + p - 4. Let b be (-2)/9 - (-20)/9. Suppose 3*q - 25 = -b*q. Suppose 3*u = -2*g + 9, -5*u + 13 = q*g - 2. Determine d(u).
-10
Let y(j) = -8*j. Let p(u) be the third derivative of -7*u**4/24 - 2*u**2. Let r(q) = -6*p(q) + 5*y(q). Give r(-2).
-4
Suppose -k = -5*n - 9, 2*k = 3*k + 1. Let a(w) = -w**2 - 64 + 37 + 28. Determine a(n).
-3
Let a(m) = -3*m + 4. Let g(s) = 6*s - 8. Let c(z) = 5*a(z) + 2*g(z). Suppose 2*u = u + 9. Suppose u*i = 4*i + 3*j + 3, -5*i = 5*j - 35. Calculate c(i).
-5
Let i(j) = -j**2 - 5*j + 9. Let t(g) = 2*g - 1. Let v be t(-3). Let n be i(v). Let k(d) = 2*d + 7. What is k(n)?
-3
Suppose 0 = -7*g - 10 - 11. Let i(u) be the first derivative of u**3/3 + 3*u**2/2 - 2*u - 1. What is i(g)?
-2
Let m = 24 + -45. Let h be 1/(-2) + m/6. Let a(r) = 2*r**2 + 5*r - 4. What is a(h)?
8
Let a(n) = -6*n + 1. Suppose -5*t + 6 = -9. Suppose 0 = 2*c + c + t. What is a(c)?
7
Let u = 9 + -5. Suppose u*z + 0*z - 20 = 0. Let i(g) = g**2 + 5*g - z - 5*g. Give i(0).
-5
Let f(u) be the third derivative of -6*u**2 - 1/60*u**5 + 0*u**3 + 0 + 0*u + 1/60*u**6 - 1/24*u**4. Calculate f(-1).
-2
Let g(l) be the first derivative of -l**3/3 + 7*l**2/2 - 6*l + 65. Determine g(6).
0
Let s(f) be the third derivative of -f**5/60 + f**4/12 - f**3/6 + 30*f**2. Let z(g) = g**3 + 5*g**2 + 2. Let i be z(-5). Calculate s(i).
-1
Let s be (-3)/(-15) - 28/(-10). Let i(h) be the first derivative of 0*h**2 - 4*h**2 + s + 2*h**2. What is i(1)?
-4
Let c(v) = -9*v - 2. Let w(a) = 1. Let p(h) = c(h) + 3*w(h). Let k(j) = j**3 - 5*j - 3. Let o be k(-2). Calculate p(o).
10
Let n(p) = p**2 - 4. Suppose 3*o + 15 - 3 = 0. Let h(y) = -y**2 - 5*y - 1. Let a be h(o). Determine n(a).
5
Let r(l) = l**2 + 1. Let s(x) = x**3 - 6*x**2 - 6*x - 2. Let j be s(7). Let h be 1/j - 36/(-20). Suppose 0 = -k - 2*t - 7, 5*k - h*k + 2*t = -9. What is r(k)?
2
Let i(b) = b**3 - b**2 - 2*b. Suppose 4 = -g + 3*g. Calculate i(g).
0
Let z(r) = -r**3 + 2*r**2 + 5*r - 3. Let p = -23 + 26. Give z(p).
3
Let o(f) = f**3 - 8*f**2 + 5*f + 8. Let b be (7/(-3))/(6/(-18)). Give o(b).
-6
Suppose -2*t = -t - 3, 0 = 2*n - 3*t + 5. Let m(z) be the second derivative of -2*z - 1/6*z**4 + 1/6*z**3 + 0 + 0*z**2. What is m(n)?
-6
Let d(c) be the first derivative of c**3/3 - 3*c**2 - c - 2. Suppose -4*j = z - 2, -5*z + 2*j + 10 = -3*j. Suppose 25 = z*x + 3*x. Calculate d(x).
-6
Suppose -u + 2 = 4. Let g(d) = -4*d - 5 - 1 + 5 + 2*d**2 + 5*d. Calculate g(u).
5
Suppose 0 = -3*k + 5*b - 13, -2*k + 0*k = 4*b - 28. Let r(j) = -j + 1. What is r(k)?
-3
Let j(a) = a**2 + 10*a. Let i(q) = -q**3 - 6*q**2 + 6*q - 13. Let r be i(-7). What is j(r)?
-24
Suppose -f = 4*s - 28, -f + 3*s + 1 = 8. Suppose -f = -o - 2. Suppose -3*v + o*v + 6 = 0. Let z(h) = -h**2. Give z(v).
-4
Suppose 2 = -2*d - 0, -11 = -5*a + d. Let q(x) = -x**3 - x**2 - 2*x + 2. Determine q(a).
-14
Let f(v) = -v + 15. Let y be f(13). Let r(k) = 3 - 4 + 2*k**2 + 8*k**2 - y*k**2. What is r(-1)?
7
Let v(r) = -r**3 - 3*r**2 - 2*r + 1. Let q be v(-3). Suppose -3*m + q*m = -16. Let c(y) = y**2 + 5*y - 1. Calculate c(m).
-5
Let u(s) be the third derivative of s**7/2520 - s**6/720 - s**5/30 - 2*s**2. Let h(y) be the third derivative of u(y). Calculate h(-4).
-9
Let d be (-46)/(-8) - (-1)/4. Let z(f) = -4 + d*f - 2*f + 3. Let m be 20/15*6/4. Determine z(m).
7
Let l = 1 + 0. Let v(u) = -u**3 - 4*u**2 + 4*u - 3. Let c be v(-5). Let z(h) = -3*h**3 - 3*h + 3*h + h**c. Determine z(l).
-2
Let k(n) = n**3 + 2*n**2 + 3*n + 1. Let j(d) = d**2 + 3*d - 2. Let o be j(-3). Give k(o).
-5
Let b(l) be the third derivative of l**5/30 + 5*l**4/12 - 7*l**3/3 + 2*l**2. Let r(i) = -i**2 - 5*i + 7. Let x(y) = 3*b(y) + 7*r(y). Give x(-5).
7
Let w(t) = t - 2. Let l(m) = m**3 - 8*m**2 - 8*m - 5. Let d be l(9). Let z(b) = b - 3. Let s(u) = d*z(u) - 5*w(u). Give s(0).
-2
Let j(a) be the first derivative of 2 - 2*a + 1/2*a**2. Let n be (10/3)/((-12)/(-18)). What is j(n)?
3
Let j(n) = 2*n - 2. Let u(w) = 5*w - 4. Let d(r) = 7*j(r) - 3*u(r). Suppose 3*a = -0*a + 18. Let y = 5 - a. Give d(y).
-1
Let y(f) = -3*f - 7. Let b = -6 + 11. Let a = 0 - b. Determine y(a).
8
Let b(h) = -h**2 - 7*h + 8. Let j = 2 + 0. Let m(f) = -2*f**2 - 8*f + 9. Let v(s) = j*m(s) - 3*b(s). What is v(4)?
-2
Let t(n) = -n + 2. Let i(l) = -l**3 + 2*l**2 - l. Let w be i(1). Suppose -f = 6 - w. Let d = -6 - f. Calculate t(d).
2
Let x(p) = p**2 + 3*p - 17. Let l(n) = -3*n**2 - 8*n + 50. Let f(r) = 3*l(r) + 8*x(r). Give f(0).
14
Let j(k) be the second derivative of -k**5/20 - k**4/4 - k**3/3 - 3*k**2/2 - 10*k. Calculate j(-4).
21
Let v(u) = 0*u**2 + 5*u**2 - 2 - u**3 - 3*u + 5. Suppose 0 = 3*d - 8 - 7. Determine v(d).
-12
Let m(h) = -h + 3*h - 3*h - 5 + 2. Suppose 10 = -2*x, 0 = 2*d + x + 4*x + 37. Let j be m(d). Let b(z) = z**2 - z - 1. Determine b(j).
5
Let g(w) = -w**2 - 12*w - 12. Suppose 3*h - 5*h = 4*a + 38, -3*h = -a - 6. Give g(a).
15
Let h(s) be the second derivative of s**4/12 - s**3 - 3*s**2 - 16*s. Give h(7).
1
Let p(r) = r + 1. Let h(g) = -8*g**2 + 3*g + 2. Let u(k) = -h(k) + 3*p(k). What is u(1)?
9
Suppose 6*m - m + 30 = 0. Let x = m + 8. Let u(q) = 6*q - 2. Let j(s) = -5*s + 2. Let d(w) = -4*j(w) - 3*u(w). Give d(x).
2
Let b(r) = -r**2 - 4*r - 6. Suppose -5*t = -28 + 53. What is b(t)?
-11
Let l(b) = -b**3 + 3*b**2 + 2*b - 4. Let g(d) = d**3 - d**2 - 2*d + 3. Let r(n) = -2*n - 6. Let a be r(-4). Let w be g(a). Calculate l(w).
2
Let l(j) = 2*j + 2. Let k = 81 + -76. Give l(k).
12
Let q(a) = 5*a**2 - 2*a - 1. Let g(h) = h**3 + 7*h**2 + 4*h + 3. Let c be g(-5). Let r be c/7 + 6/21. Suppose -r = 5*x - 0*x. Determine q(x).
6
Let o(c) = -7*c**3 + 21*c**2 - 12*c + 8. Let z(q) = 4*q**3 - 11*q**2 + 6*q - 5. Let k(n) = -3*o(n) - 5*z(n). Let t = -17 - -24. Calculate k(t).
-6
Let t(m) be the first derivative of -m**3/3 + m - 1. Let j = -50 + 52. Determine t(j).
-3
Let m(x) = -11*x + 78. Let a(y) = -4*y + 26. Let v(c) = -17*a(c) + 6*m(c). Let k(p) = -p - 13. Let j(q) = 5*k(q) + 3*v(q). What is j(-6)?
7
Let k(z) be the third derivative of -1/24*z**4 + 3*z**2 + 0 + z**3 + 0*z. Suppose -u - 5 = -2*c, -u + 4*u - 5*c = -11. Calculate k(u).
3
Let s(r) = -r**2 + 8*r + 2. Let n = 27 - 21. What is s(n)?
14
Let t(a) = -a + 0*a + 3*a**3 + a**3. Suppose -5*r + 6 = x, -x + 4 = 2*r + 1. Calculate t(x).
3
Let z(v) be the first derivative of -v**3/6 + 4*v**2 + 2*v + 3. Let d(j) be the first derivative of z(j). Calculate d(5).
3
Let a(d) be the second derivative of -d**5/20 + 5*d**4/6 - 5*d**3/3 + d**2/2 + 26*d. Determine a(9).
-8
Let k be 9/36 - 86/(-8). Let g(t) = -t**3 + 12*t**2 - 12*t + 10. Determine g(k).
-1
Let o(a) = a**2 + 3*a - 2. Suppose 0 = 4*s + c + 13, 5*s + 5*c + 25 = 2*c. Determine o(s).
-4
Let k(y) = -y - 2. Let h be (-3)/(-7) - 62/14. Give k(h).
2
Let o = -16 + 10. Let m(g) = -g**3 - g**2. Let b(q) = 5*q**3 + 8*q**2 + q + 3. Let z(j) = o*m(j) - b(j). Let c be (-10)/(-2) + (-3 - -1). Determine z(c).
3
Let t(b) = -b - 1. Let h(p) = p**3 - p